{"id":2,"date":"2012-07-07T11:00:58","date_gmt":"2012-07-07T11:00:58","guid":{"rendered":"http:\/\/www.kaminstube-gorleben.de\/?page_id=2"},"modified":"2022-10-10T11:09:32","modified_gmt":"2022-10-10T09:09:32","slug":"beispiel-seite","status":"publish","type":"page","link":"https:\/\/www.kaminstube-gorleben.de\/","title":{"rendered":"Startseite"},"content":{"rendered":"<p><img loading=\"lazy\" decoding=\"async\" src=\"http:\/\/www.kaminstube-gorleben.de\/wp-content\/pixx\/lokal_630.jpg\" alt=\"\" width=\"625\" height=\"250\" \/><\/p>\n<table width=\"630\">\n<tbody>\n<tr>\n<td valign=\"top\" width=\"310\">\n<h1>Herzlich willkommen&#8230;<\/h1>\n<p><img loading=\"lazy\" decoding=\"async\" src=\"http:\/\/www.kaminstube-gorleben.de\/wp-content\/pixx\/clearpixel.gif\" alt=\"\" width=\"310\" height=\"10\" \/><br \/>\n&#8230;in der Kaminstube Gorleben. Die Kaminstube bietet gepflegte Gastronomie in entspannter Atmosph\u00e4re in einer traumhaften Naturlandschaft.<br \/>\nOb Sie sich einfach nur entspannen m\u00f6chten, lange Spazierg\u00e4nge durch die Natur lieben, gerne auch einmal eine l\u00e4ngere Wanderung bevorzugen, auf der Elbe eine Kanutour oder eine Bootfahrt planen, auf dem R\u00fccken der Pferde Ihr Gl\u00fcck finden oder lieber gem\u00fctlich in einer Kutsche sitzend die Region entdecken m\u00f6chten &#8211;<br \/>\n<strong>das Wendland hat viel zu bieten<\/strong>.<br \/>\n<img loading=\"lazy\" decoding=\"async\" src=\"http:\/\/www.kaminstube-gorleben.de\/wp-content\/pixx\/clearpixel.gif\" alt=\"\" width=\"310\" height=\"5\" \/><br \/>\nLassen Sie sich zu einem kurzen oder l\u00e4ngerem Aufenthalt bei uns verf\u00fchren und entdecken Sie die vielf\u00e4ltigen M\u00f6glichkeiten hier bei uns im Wendland ein paar erholsame und bereichernde Urlaubstage zu verleben.<\/p>\n<hr \/>\n<p><img loading=\"lazy\" decoding=\"async\" src=\"http:\/\/www.kaminstube-gorleben.de\/pixx\/shop-230.jpg\" alt=\"\" width=\"310\" height=\"230\" \/><\/p>\n<h1>Neu in der Kaminstube:<br \/>\nder Internet-Dorfladen!<\/h1>\n<p>Ab sofort k\u00f6nnen Sie wendl\u00e4ndische Spezialit\u00e4ten &amp; Geschenkk\u00f6rbe in der Kaminstube erwerben und auch \u00fcber unseren neuen Shop im Internet bestellen.<br \/>\n<img loading=\"lazy\" decoding=\"async\" src=\"http:\/\/www.kaminstube-gorleben.de\/wp-content\/pixx\/clearpixel.gif\" alt=\"\" width=\"310\" height=\"5\" \/><br \/>\n<strong>Schauen Sie doch einmal rein: <\/strong><br \/>\n<a href=\"http:\/\/www.geschenke-paradies.eu\" target=\"_blank\" rel=\"noopener\">Geschenke-Paradies.eu<\/a><br \/>\n<img loading=\"lazy\" decoding=\"async\" src=\"http:\/\/www.kaminstube-gorleben.de\/pixx\/paradies-140.jpg\" alt=\"\" width=\"310\" height=\"140\" \/><br \/>\n<img loading=\"lazy\" decoding=\"async\" src=\"http:\/\/www.kaminstube-gorleben.de\/wp-content\/pixx\/clearpixel.gif\" alt=\"\" width=\"310\" height=\"5\" \/><\/p>\n<p><center><a href=\"http:\/\/www.wendlandkorb.de\" target=\"_blank\" rel=\"noopener\">WendlandKorb.de<\/a> | <a href=\"http:\/\/www.praesentkorb-paradies.de\" target=\"_blank\" rel=\"noopener\">Praesentkorb-Paradies.de<\/a><\/center><\/p>\n<hr \/>\n<h1>Unsere \u00d6ffnungszeiten<\/h1>\n<p><img loading=\"lazy\" decoding=\"async\" src=\"http:\/\/www.kaminstube-gorleben.de\/wp-content\/pixx\/clearpixel.gif\" alt=\"\" width=\"310\" height=\"10\" \/><br \/>\nT\u00e4gl. 11.00 bis 14.30 &amp; abends ab 17.00 bis 20 Uhr&#8230;<br \/>\n<strong>Montag &amp; Dienstag Ruhetag<\/strong><br \/>\nau\u00dfer an Feiertagen\/Br\u00fcckentagen<br \/>\n(&#8230;f\u00fcr Gruppen &amp; Veranstaltungen nach Absprache auch durchgehend &amp; an Ruhetagen ge\u00f6ffnet)<\/td>\n<td><\/td>\n<td width=\"10\"><img loading=\"lazy\" decoding=\"async\" src=\"http:\/\/www.kaminstube-gorleben.de\/wp-content\/pixx\/clearpixel.gif\" alt=\"\" width=\"10\" height=\"5\" \/><\/td>\n<td valign=\"top\" width=\"310\"><img loading=\"lazy\" decoding=\"async\" src=\"http:\/\/www.kaminstube-gorleben.de\/wp-content\/pixx\/bier_310.jpg\" alt=\"\" width=\"310\" height=\"240\" \/><\/p>\n<h1>Unser Biergarten&#8230;<\/h1>\n<p><img loading=\"lazy\" decoding=\"async\" src=\"http:\/\/www.kaminstube-gorleben.de\/wp-content\/pixx\/clearpixel.gif\" alt=\"\" width=\"310\" height=\"5\" \/><br \/>\n<strong>Im Sommer ist unser Biergarten &#8211; einer der sch\u00f6nsten in der Region &#8211; f\u00fcr Sie ge\u00f6ffnet.<\/strong><br \/>\nNehmen Sie Platz im lauschigen Strandkorb, schaukeln Sie mit Ihrer Liebsten in den Abend auf unserer romantischen Holzschaukel, kl\u00f6nen Sie mit Freunden in einer urigen Naturholzsitzgruppe &#8211; genie\u00dfen Sie einfach eine sch\u00f6ne Zeit unter alten Obstb\u00e4umen in traumhafter Atmosph\u00e4re&#8230;<br \/>\n<img loading=\"lazy\" decoding=\"async\" src=\"http:\/\/www.kaminstube-gorleben.de\/wp-content\/pixx\/bier2_310.jpg\" alt=\"\" width=\"310\" height=\"240\" \/><\/p>\n<hr \/>\n<h1>Geburtstag, Hochzeit, Party&#8230;<\/h1>\n<p><img loading=\"lazy\" decoding=\"async\" src=\"http:\/\/www.kaminstube-gorleben.de\/wp-content\/pixx\/clearpixel.gif\" alt=\"\" width=\"310\" height=\"10\" \/><br \/>\n<b>Geburtstag, Verlobung, Hochzeit \u2013 Familien- &amp; Firmenfeiern aller Art.<\/b> Sie m\u00f6chten bei uns feiern?<br \/>\n<img loading=\"lazy\" decoding=\"async\" src=\"http:\/\/www.kaminstube-gorleben.de\/wp-content\/pixx\/clearpixel.gif\" alt=\"\" width=\"10\" height=\"5\" \/><br \/>\nWir verf\u00fcgen \u00fcber einen Saal f\u00fcr ca. 80-100 Personen und einen Clubraum f\u00fcr ca. 16 Personen.<br \/>\nNat\u00fcrlich k\u00f6nnen Sie auch in unserem wundersch\u00f6nen Biergarten feiern.<br \/>\n<img loading=\"lazy\" decoding=\"async\" src=\"http:\/\/www.kaminstube-gorleben.de\/wp-content\/pixx\/clearpixel.gif\" alt=\"\" width=\"10\" height=\"5\" \/><br \/>\n<b>Rufen Sie uns an und wir unterbreiten Ihnen ein individuelles Angebot.<\/b><br \/>\n<img loading=\"lazy\" decoding=\"async\" src=\"http:\/\/www.kaminstube-gorleben.de\/wp-content\/pixx\/clearpixel.gif\" alt=\"\" width=\"10\" height=\"5\" \/><br \/>\n<a href=\"http:\/\/www.kaminstube-gorleben.de\/?page_id=63\">&#8230;weiterlesen<\/a><\/td>\n<\/tr>\n<\/tbody>\n<\/table>\n<hr \/>\n","protected":false},"excerpt":{"rendered":"<p>Herzlich willkommen&#8230; &#8230;in der Kaminstube Gorleben. Die Kaminstube bietet gepflegte Gastronomie in entspannter Atmosph\u00e4re in einer traumhaften Naturlandschaft. Ob Sie sich einfach nur entspannen m\u00f6chten, lange Spazierg\u00e4nge durch die Natur lieben, gerne auch einmal eine l\u00e4ngere Wanderung bevorzugen, auf der Elbe eine Kanutour oder eine Bootfahrt planen, auf dem R\u00fccken der Pferde Ihr Gl\u00fcck finden [&hellip;]<\/p>\n","protected":false},"author":1,"featured_media":0,"parent":0,"menu_order":0,"comment_status":"open","ping_status":"open","template":"","meta":{"footnotes":""},"class_list":["post-2","page","type-page","status-publish","hentry"],"_links":{"self":[{"href":"https:\/\/www.kaminstube-gorleben.de\/index.php?rest_route=\/wp\/v2\/pages\/2","targetHints":{"allow":["GET"]}}],"collection":[{"href":"https:\/\/www.kaminstube-gorleben.de\/index.php?rest_route=\/wp\/v2\/pages"}],"about":[{"href":"https:\/\/www.kaminstube-gorleben.de\/index.php?rest_route=\/wp\/v2\/types\/page"}],"author":[{"embeddable":true,"href":"https:\/\/www.kaminstube-gorleben.de\/index.php?rest_route=\/wp\/v2\/users\/1"}],"replies":[{"embeddable":true,"href":"https:\/\/www.kaminstube-gorleben.de\/index.php?rest_route=%2Fwp%2Fv2%2Fcomments&post=2"}],"version-history":[{"count":62,"href":"https:\/\/www.kaminstube-gorleben.de\/index.php?rest_route=\/wp\/v2\/pages\/2\/revisions"}],"predecessor-version":[{"id":300,"href":"https:\/\/www.kaminstube-gorleben.de\/index.php?rest_route=\/wp\/v2\/pages\/2\/revisions\/300"}],"wp:attachment":[{"href":"https:\/\/www.kaminstube-gorleben.de\/index.php?rest_route=%2Fwp%2Fv2%2Fmedia&parent=2"}],"curies":[{"name":"wp","href":"https:\/\/api.w.org\/{rel}","templated":true}]}}