{"id":107,"date":"2012-07-08T01:10:08","date_gmt":"2012-07-07T23:10:08","guid":{"rendered":"http:\/\/www.kaminstube-gorleben.de\/?page_id=107"},"modified":"2022-10-10T11:12:12","modified_gmt":"2022-10-10T09:12:12","slug":"reisegruppen","status":"publish","type":"page","link":"http:\/\/www.kaminstube-gorleben.de\/?page_id=107","title":{"rendered":"Reisegruppen"},"content":{"rendered":"<h1>Informationen f\u00fcr Reisegruppen<\/h1>\n<p><img loading=\"lazy\" decoding=\"async\" src=\"http:\/\/www.kaminstube-gorleben.de\/wp-content\/pixx\/clearpixel.gif\" alt=\"\" width=\"630\" height=\"10\" \/><br \/>\n<strong>Sie planen eine Radfahrertour, Wandertag, Kanutour, Reittour, Kutschfahrt?<br \/>\nSie m\u00f6chten ein Familienfest oder eine Firmenfeier bei uns feiern?<\/strong><br \/>\n<img loading=\"lazy\" decoding=\"async\" src=\"http:\/\/www.kaminstube-gorleben.de\/wp-content\/pixx\/clearpixel.gif\" alt=\"\" width=\"630\" height=\"5\" \/><br \/>\nRufen Sie uns an und wir machen f\u00fcr Sie fast alles m\u00f6glich! Wir verf\u00fcgen \u00fcber einen Saal f\u00fcr ca. 80 Pers. (ohne Tanzfl\u00e4che 100 Pers.) und einen Clubraum f\u00fcr ca. 16 Personen.<br \/>\nNat\u00fcrlich k\u00f6nnen Sie auch in unserem wundersch\u00f6nen Biergarten feiern.<\/p>\n<p><img loading=\"lazy\" decoding=\"async\" src=\"http:\/\/www.kaminstube-gorleben.de\/wp-content\/pixx\/rad_625.jpg\" alt=\"\" width=\"625\" height=\"250\" \/><br \/>\nIn n\u00e4chster N\u00e4he &amp; in der Region finden Sie neben viel Natur, einer reichen Tierwelt &amp; der wundersch\u00f6nen Elbtalaue vielf\u00e4ltige M\u00f6glichkeiten der Freizeitgestaltung. (Info)<br \/>\n<strong>Wir helfen Ihnen gerne bei der Organisation und Planung.<\/strong><\/p>\n<hr \/>\n<p><strong>F\u00fcr Radtouristen sind wir ein \u00bbFahrradfreundlicher Gastbetrieb\u00ab und<br \/>\nerf\u00fcllen die Qualit\u00e4tskriterien nach \u00bbFDNF\u00ab.<\/strong><br \/>\n\u2022 Aufnahme von radfahrenden G\u00e4sten auch nur f\u00fcr eine Nacht<br \/>\n\u2022 Abschliessbarer Raum zur unentgeltlichen Aufbewahrung der Fahrr\u00e4der<br \/>\n\u2022 M\u00f6glichkeit zum Trocknen f\u00fcr Kleidung und Ausr\u00fcstung<br \/>\n\u2022 Angebot einen vitamin- und kohlehydratreichen Fr\u00fchst\u00fccks<br \/>\n\u2022 Aushang, Verleih oder Verkauf von regionalen Radwanderf\u00fchrern &amp; -karten<br \/>\n\u2022 Aushang von Bus- und Bahnfahrpl\u00e4nen<br \/>\n\u2022 Bereitstellen eines Fahrrad-Reparatursets &amp; Fahrradwerkzeugen<br \/>\n\u2022 Bereitstellung wichtiger Ersatzteile in Absprache mit der n\u00e4chsten Werkstatt<br \/>\n\u2022 Info: Lage, \u00d6ffnungszeiten und Tel.-Nummer der n\u00e4chsten Fahrradwerkst\u00e4tte<br \/>\n<strong>Desweiteren beraten wir Sie gerne bei der Buchung hinsichtlich einer umweltfreundlichen An- und Abreise mit \u00f6ffentlichen Verkehrsmitteln.<\/strong><\/p>\n<hr \/>\n<h1>Spezielle Angebote f\u00fcr Reisegruppen<\/h1>\n<p>Nach Voranmeldung bieten wir f\u00fcr Gruppen:<br \/>\n<strong>Suppen in der Terrine<\/strong><br \/>\nKartoffel-Birnen-Inwer-Suppe<br \/>\nHochzeitssuppe<br \/>\n<strong>Hauptgerichte<\/strong><br \/>\n<strong>Schlemmerplatte<\/strong><br \/>\nRoastbeef, Sauerfleisch, S\u00fclze, Matjes, Brathering, Kassler &#8211; mit Bratkartoffeln, hausgemachter Remoulade, hausgemachter Apfel-Zwiebel-Sahne Sauce, Prei\u00dfelbeer-Zwiebelsauce und Curryrahmsauce<br \/>\n<strong>Zarte knusprige Entenbrust und Hirschbraten<\/strong><br \/>\nmit Pfifferlingen, Rotkohl, Rosenkohl, Salzkartoffeln &amp; Kroketten<br \/>\n<strong>Buffet &#8222;Rund um die Bratkartoffel&#8220;<\/strong><br \/>\nmit acht Sorten Fleisch und Fisch<br \/>\n<strong>Nachtisch<\/strong><br \/>\nselbstgemachte Zitronencreme oder Eis mit hei\u00dfen Zimtkirschen<\/p>\n<p>Alles wird auf Platten am Tisch serviert &amp; alles wird nachgereicht!<\/p>\n<p><strong>Weitere M\u00f6glichkeiten:<\/strong><br \/>\nKassler in einer interessanten Ananas-Sahne-Sauce mit Beilagen<br \/>\nLachs ged\u00fcnstet, Schweinebraten usw.<br \/>\nSteaks in verschiedenen Variationen<br \/>\nAlle Saisonessen wie Spargel usw. m\u00f6glich<\/p>\n<p>Nat\u00fcrlich k\u00f6nnen Sie auch aus der Speisekarte bestellen &#8211; fragen Sie uns, wir beraten Sie gerne!<\/p>\n<hr \/>\n","protected":false},"excerpt":{"rendered":"<p>Informationen f\u00fcr Reisegruppen Sie planen eine Radfahrertour, Wandertag, Kanutour, Reittour, Kutschfahrt? Sie m\u00f6chten ein Familienfest oder eine Firmenfeier bei uns feiern? Rufen Sie uns an und wir machen f\u00fcr Sie fast alles m\u00f6glich! Wir verf\u00fcgen \u00fcber einen Saal f\u00fcr ca. 80 Pers. (ohne Tanzfl\u00e4che 100 Pers.) und einen Clubraum f\u00fcr ca. 16 Personen. Nat\u00fcrlich k\u00f6nnen [&hellip;]<\/p>\n","protected":false},"author":1,"featured_media":0,"parent":0,"menu_order":5,"comment_status":"open","ping_status":"open","template":"","meta":{"footnotes":""},"class_list":["post-107","page","type-page","status-publish","hentry"],"_links":{"self":[{"href":"http:\/\/www.kaminstube-gorleben.de\/index.php?rest_route=\/wp\/v2\/pages\/107","targetHints":{"allow":["GET"]}}],"collection":[{"href":"http:\/\/www.kaminstube-gorleben.de\/index.php?rest_route=\/wp\/v2\/pages"}],"about":[{"href":"http:\/\/www.kaminstube-gorleben.de\/index.php?rest_route=\/wp\/v2\/types\/page"}],"author":[{"embeddable":true,"href":"http:\/\/www.kaminstube-gorleben.de\/index.php?rest_route=\/wp\/v2\/users\/1"}],"replies":[{"embeddable":true,"href":"http:\/\/www.kaminstube-gorleben.de\/index.php?rest_route=%2Fwp%2Fv2%2Fcomments&post=107"}],"version-history":[{"count":14,"href":"http:\/\/www.kaminstube-gorleben.de\/index.php?rest_route=\/wp\/v2\/pages\/107\/revisions"}],"predecessor-version":[{"id":302,"href":"http:\/\/www.kaminstube-gorleben.de\/index.php?rest_route=\/wp\/v2\/pages\/107\/revisions\/302"}],"wp:attachment":[{"href":"http:\/\/www.kaminstube-gorleben.de\/index.php?rest_route=%2Fwp%2Fv2%2Fmedia&parent=107"}],"curies":[{"name":"wp","href":"https:\/\/api.w.org\/{rel}","templated":true}]}}